o = 3*p - 0*p - 18. What is the remainder when f is divided by o?
1
Let l(v) = -v**2 - 16*v + 9. What is the remainder when 430 is divided by l(-7)?
70
Let i(k) = -k + 51. Calculate the remainder when 135 is divided by i(19).
7
Suppose -5*i - 91 = 4*n, 0 = 2*n + 4*i - 3*i + 47. Let c = n - -26. Suppose d + c*d = 39. What is the remainder when 22 is divided by d?
9
Let r(m) = 5*m**2 + 4*m - 3. Calculate the remainder when (-2)/2 - (0 - 89) is divided by r(-3).
28
Let f(c) = c**3 - 26*c**2 + 8*c - 86. Calculate the remainder when f(26) is divided by 31.
29
Calculate the remainder when 51 is divided by (-308)/(-8) + (-15)/10.
14
Suppose -6 = -2*v - a - 4, -v + 1 = 5*a. What is the remainder when 21 is divided by (v + -2 + 12)/1?
10
Suppose -3*h = -3*b - 0*h + 141, 4*b - 188 = -3*h. What is the remainder when 187 is divided by b?
46
Suppose 2*m - 2*o = -2*m + 56, 5*m + o - 63 = 0. Let d(k) = -23*k - 5. Let q be d(-5). Let a = -73 + q. Calculate the remainder when a is divided by m.
11
Let v(c) = 4*c**2 - 3*c + 2. Let d be v(3). Let y = d - -94. Suppose -4*j = -121 - 3. What is the remainder when y is divided by j?
30
Suppose 5*j - 3*s = -14, j - 4*s + 1 = 5. Calculate the remainder when 19 is divided by (5 - 18/6)/(j/(-14)).
5
Let w(h) = 4*h + 12. Let n be w(-3). Let y(d) = d**3 - 4*d**2 + 2*d + 5. Let z be y(4). Suppose n = 3*l + 1 - z. Calculate the remainder when 5 is divided by l.
1
Suppose -2*q - 54 = -160. Let l = 1023 - 994. Calculate the remainder when q is divided by l.
24
Suppose -2*m + 3*m - 58 = a, -m - a = -60. Suppose -223 = -2*i - 73. Suppose 0 = -t + 6*t - i. What is the remainder when m is divided by t?
14
Let i = -12 + 8. Let f = i - -2. Calculate the remainder when 10 is divided by -2*(f + (-1 - -1)).
2
Let n(l) = -4*l - 54. Let r be n(-17). Let c = r + 19. Let d = 145 + -80. Calculate the remainder when d is divided by c.
32
Let f = -18 - -8. Let k be ((-72)/40)/(3/f). Let p(x) = -x**2 + 12*x + 5. Calculate the remainder when p(k) is divided by 21.
20
Suppose 43 + 769 = 28*f. Let v = 1 - -5. What is the remainder when f is divided by v?
5
Let t(n) = 131*n - 1145. Calculate the remainder when t(9) is divided by 13 - (-2)/4*-2.
10
Suppose 211 = -4*b + 239. What is the remainder when 151 is divided by b?
4
Suppose -2*x = -4*z + 274, 3*x + 292 = 4*z + 7*x. Calculate the remainder when 1467 is divided by z.
67
Let c(z) = -z**3 - 16*z**2 + 36*z + 19. What is the remainder when 55 is divided by c(-18)?
17
Let n = 796 + -784. Calculate the remainder when 100 is divided by n.
4
Let z = -983 + 990. What is the remainder when 48 is divided by z?
6
Suppose 2*z - 110 = -0*z. What is the remainder when z is divided by (4 - (-69)/(-15))*(3 + -28)?
10
Suppose -2*n = -5*i - 87, -4*n + 4*i = i - 153. Suppose 6*v = 4*v + n. Calculate the remainder when 34 is divided by v.
16
Let b = 202 + -194. Suppose 6*f - 2*f + 4 = 0, 4*z - 48 = -4*f. What is the remainder when z is divided by b?
5
Let a(w) = -1319*w + 1317*w + 58 - 1. What is the remainder when a(-13) is divided by 21?
20
Let x be 51/34*(-2 - -1 - -3). Suppose 2*d = 4*m - 14, -4*d + 2*d = -x*m + 9. Calculate the remainder when 12 is divided by m.
2
Suppose 0 = f + 42 - 0. Let t = 103 + f. What is the remainder when t is divided by 22?
17
Let p(d) = -2*d**3 + 6*d**2 - 13*d - 7. Let r(t) = -2*t**3 + 5*t**2 - 13*t - 8. Let h(f) = -6*p(f) + 5*r(f). What is the remainder when h(6) is divided by 39?
38
Suppose -44 = -3*w - w. Let x = -4832 - -4839. Calculate the remainder when w is divided by x.
4
Let c = -22 - -224. Let v = 522 - 481. Calculate the remainder when c is divided by v.
38
Let w(j) = 47*j**2 + 2*j - 5. What is the remainder when w(2) is divided by 47?
46
Let v(s) = -s**2 + 9*s + 9. Suppose 7*i - 12*i - z = -326, i - 58 = -2*z. Calculate the remainder when i is divided by v(8).
15
Suppose g - 528 = -5*x, -4*x + 0*x + 3*g + 411 = 0. Suppose f = 4*c + x, 5*f - 2*c - 605 = 2*c. Calculate the remainder when f is divided by 16.
13
Let x = -24 + 13. Let l = x + 16. Suppose -4*j + 5*p + l = 0, -5*j = p + 2*p - 34. What is the remainder when 9 is divided by j?
4
Suppose -2*h - h = -4*a - 105, -170 = -5*h + 5*a. Let x be ((-1040)/50)/((-2)/(-25)). Let q = -138 - x. Calculate the remainder when q is divided by h.
29
Calculate the remainder when 411 is divided by 412/6 + (-24)/(-72).
66
Let p = 160 + -103. What is the remainder when p is divided by 14 + 2/(7/(-84)*-4)?
17
Let n(g) = g**3 + 4*g**2 - 34*g + 5. Calculate the remainder when n(-7) is divided by 9.
6
Suppose 4*f - 14 - 6 = 0. Suppose -30 = 2*t - f*t. Calculate the remainder when t is divided by 8.
2
Let c be (-123)/6 - 2/4. Let o = c - -31. What is the remainder when 68 is divided by o?
8
Let j be (-1 - 3)*1/(-2) - 2. Suppose n = k - j*k + 46, 2*k = 4*n - 184. What is the remainder when 91 is divided by n?
45
Let x = 116 - 90. Let f(i) = -14*i - 6. Let t(y) = -210*y - 91. Let b(j) = -91*f(j) + 6*t(j). What is the remainder when x is divided by b(1)?
12
Let j(p) = 4*p - 6. Let n = -52 - -89. What is the remainder when n is divided by j(4)?
7
Suppose 19 = 3*y + 5*u + 2, 0 = y - 3*u - 15. Suppose -5 = y*k - 788. What is the remainder when k is divided by 30?
27
What is the remainder when ((-228)/27)/((-10)/45*1) is divided by 7?
3
Suppose -25*z + 8242 = z. Calculate the remainder when z is divided by 32.
29
Let d(z) = z + 1. Let m(q) = -30. Suppose 1 + 2 = 3*x. Let n(w) = x*d(w) - m(w). What is the remainder when 91 is divided by n(0)?
29
Suppose 46*q = 45*q - 7*d + 115, q = -5*d + 113. What is the remainder when q is divided by (-1)/(2/(-20) + 0)?
8
Calculate the remainder when (-786)/(-7) + (-104)/364 is divided by 39.
34
Suppose -9 = -f + 3*a - 3, f + 4*a = -8. Suppose -60 = -4*y + 12. Let p = f + y. Calculate the remainder when p is divided by 4.
2
Suppose -2*b + 0*b - 134 = -4*r, 4*r + b - 143 = 0. Let x = 148 + -128. What is the remainder when r is divided by x?
15
Suppose -3*l + 135 = 2*l. Suppose 5*n - 337 = -4*h - 159, 2*n - 40 = -h. What is the remainder when h is divided by l?
25
Let p be (-3 + 3)*(2/(-4) - -1). Suppose -5*h - 5*z + 78 - 3 = 0, p = -4*h + 4*z + 28. Calculate the remainder when 70 is divided by h.
4
Let x(b) be the second derivative of -b**3 - 25*b**2 - 10*b. Calculate the remainder when x(-16) is divided by 25.
21
Suppose -133 - 67 = -2*y. Calculate the remainder when 199 is divided by y.
99
What is the remainder when (-492)/9*(-1 - (4 + -2)) is divided by 34?
28
Let b(j) = -j**3 + j - 4. What is the remainder when 5 is divided by b(-2)?
1
Suppose 15*z + 30726 = 42*z. What is the remainder when z is divided by 20?
18
Suppose -2*m - 8*m = -800. Calculate the remainder when m is divided by 28.
24
Let k = -77 - -100. Calculate the remainder when 68 is divided by k.
22
Let a be 3 - 6/(-8)*-4. Suppose a = -5*x + 375 + 15. What is the remainder when x is divided by 27?
24
Suppose 3*z - 4*n = -3*n + 10, -z - 2*n - 6 = 0. Let v be z/6*(-7 + 10). Calculate the remainder when 29 is divided by (-10)/(v - (-2 - -4)).
9
Calculate the remainder when 182 is divided by (63/(-14) + 5)*(47 - 1).
21
Calculate the remainder when 108 is divided by 3/(0 - -4 - (-966)/(-246)).
26
Let r be (2*7/28)/(1/4). Suppose 4*p - 3*o - r*o = 656, 3*o - 688 = -4*p. Calculate the remainder when p is divided by 9.
7
Let m be -6*(-1 + (-2)/4). Calculate the remainder when (-417)/(-9) + (-3)/m is divided by ((-9)/15)/(3/(-60)).
10
What is the remainder when 67 is divided by (-2)/(-3)*126/4?
4
Let y(h) = 3*h - 4 + 5 + 2. Calculate the remainder when 50 is divided by y(4).
5
Let y = 403 - 290. Calculate the remainder when y is divided by 57.
56
Suppose 1 - 209 = -8*y. Calculate the remainder when 93 is divided by y.
15
Let c be (-16)/6*66/(-44). Suppose 3*m - c*g = 47, 3 = 2*g + 1. Calculate the remainder when 28 is divided by m.
11
What is the remainder when 102 is divided by (-2)/9 + (605/9 - 9)?
44
Let p(j) = 16*j - 78. Calculate the remainder when p(10) is divided by 17.
14
Let x(b) = 4*b - 9. Let v(r) = 4*r**2. Let y(o) = -o**2 + 5*o + 5. Let w be y(6). Let p be v(w). Calculate the remainder when x(p) is divided by 3.
1
Let q be (9/(-6))/3*-6. Suppose 6*f - q*f - 18 = 0. Suppose -120 = w - f*w. What is the remainder when 95 is divided by w?
23